+ -1. What is i(w)?
-6
Let n(g) = 13*g - 17. Let f(p) = -7*p + 9. Let o be -6 + 7 + (-2 - -1). Let k be (-2)/2 + (o - -12). Let v(q) = k*f(q) + 6*n(q). Calculate v(3).
0
Suppose 3 = u - 3. Suppose -u = 2*a + p, -4*p = 3*a + 19 - 0. Let b(f) = -2 + 2 - 2*f - 2*f. Calculate b(a).
4
Let x(a) = 3*a**3 + a**2 + 3*a + 10. Let n(i) = i**3 + i**2 - i + 1. Let c be (-20)/(-6) + (-2)/(-3). Let r(v) = c*n(v) - x(v). Calculate r(-4).
6
Let x(t) = -t**2 - 5*t - 1. Suppose -4*l = l - 10. Suppose 0 = -p + 5*y - 22, p = -y + 6 + l. Let s = -2 - p. Determine x(s).
-1
Let d(a) = -11*a - 2. Let k be (-3)/(-2)*-4 + 0. Let s(j) = 10*j + 1. Let p(g) = k*s(g) - 5*d(g). Let n(u) = 6*u - 4. Let x(w) = -2*n(w) - 3*p(w). What is x(3)?
5
Let n(k) be the first derivative of k**2/2 + 9*k - 8. What is n(-7)?
2
Let m be (-6)/5 + (1 - 12/15). Let r(q) = 3*q**2 + q + 1. Calculate r(m).
3
Let s(n) = -n**3 - 4*n - 3*n - 6 + 2 - 5*n**2. Calculate s(-4).
8
Let j(l) = l**3 - 5*l**2 + 3*l + 1. Let g be j(4). Let b(c) = -c**3 - 3*c**2 - 2*c - 2. Give b(g).
4
Let u(i) be the first derivative of i**2/2 + 3*i - 4. Calculate u(-5).
-2
Let y(z) be the first derivative of 3*z**2 + 2*z - 11. Calculate y(-3).
-16
Let o(x) = x**3 - 6*x**2 + 4*x + 5. Let w be o(5). Let d = 0 - w. Let n(u) = d + 1 + 3*u**2 - 3*u + 2. Calculate n(2).
9
Let l(u) = u + 3. Let t(o) = 5*o**2 - 3*o - 2. Let x be t(-1). What is l(x)?
9
Let x(m) = 4*m - 2. Let w be x(1). Suppose c + 12 = 5*k + 3, -2*k + 6 = w*c. Let g(l) = 6*l**3 - l**2. Calculate g(c).
5
Let g(c) = -2*c + 4*c - c**2 + 4 - 8*c. Determine g(-6).
4
Let u(w) be the third derivative of -w**6/120 + w**5/12 - w**4/6 + 5*w**3/6 + w**2. Suppose 5*z - 11 = 3*i, 7*z - 9 = 4*z + i. Give u(z).
5
Let d(t) = 1 + 4*t - 4*t + 10*t**2. Suppose -9 = 8*x + x. Calculate d(x).
11
Let g(l) be the first derivative of -l**7/840 - l**6/360 - l**5/120 - l**4/4 + 2*l**3/3 + 3. Let t(b) be the third derivative of g(b). Calculate t(0).
-6
Let r(k) = -3*k + 5. Let n(i) = 7*i - 10. Let y(l) = 4*n(l) + 9*r(l). Let q = 6 + -9. Give y(q).
2
Let n be (-18)/(-22) + (-4)/(-22). Let h(c) = -c**3 + n - 3*c**2 - 3*c + 2*c**2 + 3*c. Determine h(-2).
5
Let h(j) = -j - 2. Let m be (-1)/5 - 41/(-5). Suppose 3*p - m = 2*p. Let l be ((-4)/p)/(2/8). Calculate h(l).
0
Let s be -1*1*(-3 + 2). Let b(w) = 4*w**2 - 11*w. Let j(x) = -6*x + 2*x**2 + 3 - 3. Let d(o) = 6*b(o) - 11*j(o). Calculate d(s).
2
Suppose -17 + 6 = -m. Let r = m + -9. Let j(n) = 2*n**2 - 2*n - 2 - 3*n**2 + 3 + 2*n**r. Determine j(3).
4
Let s(o) = -o + 19. Let c be s(16). Let y(u) be the third derivative of -1/6*u**c + 0*u + 0 - u**2 - 1/12*u**4. Calculate y(3).
-7
Let q(i) = i**2 + 2*i + 1. Let j(g) = 6*g**2 + 11*g + 10. Let d(o) = -j(o) + 5*q(o). Calculate d(-4).
-17
Let l(x) = -x**3 - 6*x**2 - 4*x + 7. Let n be l(-5). Suppose -5*j + 25 = 2*g, 4*j - 22 = 2*g - 4*g. Let z(f) = -n + 4*f - 1 - j*f. Determine z(-4).
-7
Suppose -4*a - 4 = 16. Let d(k) = -33*k - 45. Let m(o) = 8*o + 11. Let g(q) = 5*d(q) + 21*m(q). Give g(a).
-9
Let o(u) = -u - 1. Let d = 8 - 4. Suppose -3*i = -2*i - 3. Suppose -2*q = i*j + 19, -d*j - 2 = -5*q + 3*q. Determine o(j).
2
Suppose -s - 3*s = -8. Let a(p) = -2 - 2 - p**3 - p**2 + 4*p**s. Calculate a(3).
-4
Let v = 0 - -1. Let t(h) = -h + 2*h**2 - 6*h**2 + 3*h**2 - h**3 + v. Suppose -z = -a + 7, -5*z - 3*a + 3 = -2. Calculate t(z).
7
Let v(u) = 2*u**3 + 4*u**2 + 2*u - 1. Let o be 14/(-28)*-1*2. Suppose 5*x + 29 = -3*p + 8, -5*p - o = -3*x. Give v(p).
-5
Let j(t) = t**2 - 4*t + 11. Let g(h) = 2*h**2 - 9*h + 21. Let b(v) = 3*g(v) - 5*j(v). Let l = -6 + 6. Suppose l = -z + 6 - 0. Calculate b(z).
2
Let x(o) = -o**3 - 6*o**2 - 3*o + 7. Let a be x(-5). Let w = a - -6. Let y be (1/2 - w)*-2. Let g(q) = -q**2 + 6*q + 4. Determine g(y).
9
Let o(g) = 0*g**3 + 2*g**2 - 9 + g**3 + 3*g + 10. Suppose 4*c = -c + 2*j - 2, 2*c + 12 = -2*j. Determine o(c).
-5
Let f = -45 + 41. Let b(o) be the second derivative of -o**4/12 - o**3/2 + o**2/2 - o. Give b(f).
-3
Let o(h) be the third derivative of 3*h**7/280 + h**5/120 - h**3/6 + 3*h**2. Let i(m) be the first derivative of o(m). What is i(1)?
10
Suppose 0 = 5*w - 4*d - 60, -2*w - 5 + 1 = 4*d. Let x(n) = n**2 - 10*n + 9. Let j be x(w). Let y(o) = -o**2 - 6*o + 1. What is y(j)?
-6
Let y(o) = 1 - 3*o**2 + 4*o**2 - 2*o + 8*o**3 - 2*o**2 - 9*o**3. Give y(-2).
9
Let x(w) be the first derivative of w**3/3 + 5*w + 6. Determine x(0).
5
Suppose 4*f - s - 1 = -0*s, 5*f - s = 0. Let w(z) = -z**2 + 2*z + 1. What is w(f)?
-2
Suppose -4*g + 4 = r, -3*r - 2*r + 3*g - 3 = 0. Let c(s) = s - 1. Let w(u) = 4*u - 4. Let f(i) = -5*c(i) + w(i). Determine f(r).
1
Let w(n) = n**3 + 4*n**2 + 3*n. Let j(p) = p**3 + 3*p**2 + 2*p. Let r(y) = 2*j(y) - 3*w(y). Calculate r(-5).
0
Suppose q + 0*q + 1 = 0, 5*q + 21 = -4*y. Let j(n) = n**2 + 2*n - 3. Calculate j(y).
5
Let z(m) be the second derivative of m**6/144 + 5*m**4/12 + 2*m. Let t(w) be the third derivative of z(w). Suppose -3*x - 2 + 5 = 0. Determine t(x).
5
Suppose 0 = 5*b - 0*b - 10. Let l(k) = k + b*k - k. Determine l(5).
10
Suppose 0 = -0*v + v. Suppose 0*u - u + 5 = 5*k, v = -4*u. Let c(b) = 12*b. Let l(i) = 3*i. Let j(y) = -5*c(y) + 21*l(y). Determine j(k).
3
Let y = -26 + 21. Let p(s) = s. Calculate p(y).
-5
Let n(f) = -f. Let t(q) = 5*q. Let g(k) = k. Let v(u) = 6*g(u) - t(u). Let d(b) = -13*b. Let p(z) = -d(z) - 6*v(z). Let l(c) = 6*n(c) + p(c). Calculate l(0).
0
Let g(w) be the second derivative of 0 + 2*w + w**2 + 1/3*w**3. Let n = -5 + 0. Give g(n).
-8
Let o be (-4)/8*(3 - 1). Let z(f) = -13*f**3 + 2*f**2 + f. Give z(o).
14
Let l(r) = -r**2 + r + 5. Let a be ((3 + -3)/5)/(-3). Calculate l(a).
5
Let p(j) = j + 4. Suppose -5*d + 5*q - 25 = 0, d + 0*d = 4*q - 2. Calculate p(d).
-2
Let g(d) be the first derivative of -d**6/120 - d**5/60 + d**3/6 - 7*d**2/2 - 7. Let h(z) be the second derivative of g(z). Calculate h(-1).
1
Let o(s) = -s. Suppose 4*a = 4 + 4. Let t(h) = h**2 - 2*h + 2. Let u be t(a). Suppose -b = u*b + 3. Determine o(b).
1
Let t(g) be the third derivative of g**6/120 + g**5/20 - g**4/12 + g**3/2 - 6*g**2. Let i(l) = l - 1. Let z be i(-3). Determine t(z).
-5
Suppose 2*c + 3*c = -25. Let t(p) = p**3 + 4*p**2 - 6*p + 2. Calculate t(c).
7
Let x(k) = k**2 - 2*k - 1. Suppose -3*i - 12 = 0, -i - 2*i = 5*c + 2. Let r = c + 0. What is x(r)?
-1
Let z(k) = k**3 + 3*k**2 + 3*k + 2. Suppose -2 = 7*c - 6*c. What is z(c)?
0
Let b(p) = p + 3 - 7 - 1 + 2. Let y be b(7). Let d(w) be the third derivative of -w**5/60 + w**4/4 - w**3 + w**2. What is d(y)?
2
Suppose -2*m = -4, 2*m + 12 - 2 = 2*h. Let o(y) = y - 8. Calculate o(h).
-1
Let w(y) = 0*y - 3*y + 2*y + 5. Let r(c) = c**2 - 3 + 0*c - 2*c + 0*c. Let u be r(3). Determine w(u).
5
Let k(i) = i - 4. Let s(o) = -o + 5. Let w(h) = -6*k(h) - 5*s(h). Determine w(-6).
5
Let y(l) be the third derivative of l**9/60480 + l**8/6720 + l**7/5040 + l**6/720 - l**5/30 + 3*l**2. Let c(x) be the third derivative of y(x). Determine c(-2).
3
Let n(k) = -128*k + 131*k - 2*k**2 + 3*k**2 - 5. Determine n(-6).
13
Let u = -16 + 14. Let d be u/(((-8)/2)/(-2)). Let z(o) = -11*o - 1. Give z(d).
10
Let s(r) = -r**2 - 5*r - 1. Let f = 7 + -13. What is s(f)?
-7
Let h(q) = 11*q - 27. Let s be h(3). Let r(b) = -b**2 + 8*b + 3. Give r(s).
15
Suppose -2*l + 46 - 40 = 0. Let x(y) = 2*y - 1. Give x(l).
5
Let a be 0 + 1 - (-348)/3. Let y be (-837)/a - (-4)/26. Let k(m) = -2*m - 10. Give k(y).
4
Let j(a) = 2*a. Suppose -4*n - 4*x = 3 - 23, -4*n - 3*x = -18. Suppose -5*f - 3*y - n = 0, -f + 5*f = 5*y + 5. Suppose f*p = -5*p + 10. What is j(p)?
4
Let v(c) = 4*c**2 - 3*c**3 - 28 + 4*c + 29 + 4*c**3. Let t = -3 - 0. Determine v(t).
-2
Let m(c) = -c. Suppose -d - 2*l + 16 = 0, d + 0*d - 2*l - 12 = 0. Let w be (-12)/(-8) + d/4. Determine m(w).
-5
Suppose 4*t + p - 5 = 0, t - 3*p - 14 + 3 = 0. Let i(j) = j**2 + t*j - 4*j**2 - j - 1 + 2. Give i(2).
-9
Let w = -15 + 20. Suppose 2*t - 4*n = 16, t + w*n = -0*t + 1. Let p(a) = a**2 - 9*a + 4. Give p(t).
-14
Let q = -71 - -74. Let o = -7 + 12. Let y(k) = -2*k**q + 4 + 3*k**3 + 5*k**2 + o*k**2 - 5*k**2. Determine y(-5).
4
Suppose 0 = -3*v + v - 4. Let g(x) be the first derivative of 1/3*x**3 - 5 + 3*x + x**2. Calculate g(v).
3
Let w(f) be the third derivative of 1/60*f**5 + 0 + 0*f - f**2 - f**3 + 1/